of (55 + (0 - 1))*n/94?
2
Suppose 12*k - 486 = 9*k. What is the units digit of k?
2
Let y be 2 - -1*(1 + 1). Let m(r) = r**3 + 3*r - 6. What is the tens digit of m(y)?
7
Suppose 3*s = -s. Let g(c) = -c**2 + c + 14. Let l be g(s). Let o = l + -9. What is the units digit of o?
5
Let v = 151 - 223. Let p = -50 - v. What is the units digit of p?
2
Suppose 5*l + 674 + 651 = 5*v, -v + 240 = 4*l. What is the units digit of v?
0
Let c(m) = m**2 - 5*m + 6. Let z be c(4). Suppose -3*u + 52 = -z*h, 0*u = 3*u + 2*h - 32. What is the tens digit of u?
1
Let s(r) = -7*r**2 - 2*r**2 - r**3 - 19 - 6*r**2 + 10*r. Let j be s(-16). What is the units digit of 35/11 - 14/j?
3
Suppose 5*v = 23 + 12. Suppose -v*k + 166 = -23. What is the tens digit of k?
2
Let c(r) = 119*r**3 + r**2 - 4*r + 4. What is the tens digit of c(1)?
2
What is the units digit of (-627253)/(-1143) - ((-14)/(-18) + -1)?
9
Suppose -3*m + m + 5*b = -1209, -2*m + 1239 = 5*b. Suppose -5*z + 4*z + 116 = f, -5*z + 3*f = -m. What is the hundreds digit of z?
1
What is the units digit of ((-1026)/(-1) - -1) + (10 - 5)?
2
Let o be (-3)/(4/(1 - 5)). Let u be (-29)/(-4) - 3/12. Let x = o + u. What is the units digit of x?
0
Let v(i) = -2*i + 18. Let u be 0 + 4/((-4)/(-9)). Let y be v(u). Suppose -4*x = -p - y*x + 22, x = -4*p + 54. What is the units digit of p?
4
Let a(s) = -67*s - 503. What is the hundreds digit of a(-31)?
5
Let a(f) = -8*f - 26. Let j be a(-12). Suppose -10 = 2*r, i - 3*r - j = -0*i. What is the tens digit of i?
5
Let u = -32 + 12. What is the units digit of 5/u - (-594)/8?
4
Let x(z) = -3 + 1 + 5 - 4 + 5*z + 10*z**2. What is the units digit of x(-3)?
4
Suppose -3*g + 2*b - b + 2 = 0, -4*g + 16 = 2*b. Suppose g*p + 2 + 4 = 0. Let i = p + 10. What is the units digit of i?
7
Let l = 157 - -165. Let z = -113 + l. What is the tens digit of z?
0
Let c(b) = b**2 + 1. Let z be c(1). Suppose 0 = z*m - 2*i + 3*i + 88, -5*m - 220 = 3*i. Let x = -20 - m. What is the tens digit of x?
2
What is the tens digit of (5/(-3))/(170/(-32436))?
1
Let b(c) = c**3 - 7*c**2 + 3*c + 8. Let l be b(6). Let i be 240*(l/(-25))/1. Suppose 7*v = i + 58. What is the tens digit of v?
2
Let w(g) = g**3 - 12*g + 7. What is the units digit of w(5)?
2
Let j be 45/10 - (-1)/2. Suppose 5*b - j*m - 10 = 0, 3 - 4 = -5*b - 4*m. Let q(s) = 50*s + 3. What is the tens digit of q(b)?
5
Let h(r) = -r**2 + 9*r. Let w be h(9). Suppose w = l - 4*l + 6. Suppose -g = -l*g + 24. What is the units digit of g?
4
Let c(h) = -408*h + 236. What is the thousands digit of c(-10)?
4
Suppose p = 3*p - 6. Suppose 0 = p*w, -124 = -0*t - 4*t - 4*w. Let n = -15 + t. What is the tens digit of n?
1
Let x(s) = -s**2 - 16*s - 10. Let r = -3 - 7. What is the tens digit of x(r)?
5
Let o(l) = -7*l**3 + 3*l**2 + 4*l + 15. What is the tens digit of o(-4)?
9
Suppose 3*j - j + 710 = 0. Let r = -245 - j. Suppose 0 = 2*m + 3*m - r. What is the tens digit of m?
2
Suppose -5 = -16*w - 5. Suppose 3*d - 149 = 3*c - 656, -5*c + 4*d + 848 = w. What is the tens digit of c?
7
Let y = -1025 + 1307. What is the hundreds digit of y?
2
Suppose -x + 580 = 3*s, 0 = -2*x + 4*x + 3*s - 1148. What is the tens digit of x?
6
Let t(k) = k**2 + 3*k + 2. Let f(c) = -c**2 - 2*c - 2. Let w(d) = -6*f(d) - 7*t(d). Let g be w(-6). Let x(n) = n - 5. What is the units digit of x(g)?
1
Let d = 1736 + -715. What is the tens digit of d?
2
Let n be 3/(-18) + (-6)/(-36). Suppose 5*p - 25 = 5*m, 2*p = -n*p + 5*m + 22. What is the tens digit of -1*(-5)/p*9?
4
Let s(l) = -l**3 - 6 + 0*l**3 - 9*l**2 - l - 2. Let y be 15/(-6)*(-90)/(-25). What is the units digit of s(y)?
1
Suppose 2*q + m - 16 = 0, -2*q + 2*m = -3*m + 8. Let a = q + -3. Suppose 15 = -a*x, 2*x = 3*w + 10 - 44. What is the units digit of w?
8
Let q(w) = -56*w - 1. Let b be q(-1). Let p = b - 39. What is the tens digit of p?
1
Let p = 33 - 28. Suppose -k = -p*o - 236, 2 = o - 0. What is the hundreds digit of k?
2
Let b = 59 - 65. Let k(c) = -c**2 + 2*c + 10. Let q(z) = z**2 - 2*z - 9. Let p(o) = -4*k(o) - 3*q(o). What is the tens digit of p(b)?
3
Suppose 8*l - 8177 = -5*l. What is the tens digit of l?
2
Let w(y) = 2*y + 4. Let n be w(5). Suppose -v = -3*g - 14, v + 2*v - 2*g = n. What is the units digit of v?
2
Let o(h) = 15*h**2 - 24*h + 198. What is the tens digit of o(10)?
5
Suppose 4 - 3 = x. Let a(u) = x - 7 + 4 + u**2. What is the tens digit of a(-5)?
2
Suppose t - 20 = -0*t + 3*z, 5*t = 3*z + 40. Suppose -4*i - 2*n = -424, 40 = -t*i - n + 576. What is the units digit of i?
8
Let c = -4 - -8. Suppose 5*n = c*f - 24, -f + 30 = -3*n + 10. Let s = n - -25. What is the tens digit of s?
1
Suppose 0 = -5*x + 66 - 796. Let p = x - -378. What is the units digit of p?
2
Let d(k) be the first derivative of 2*k**3/3 - k**2/2 - 5*k + 1. Suppose -32 = 4*i - 5*m, -5*i + 0*m + m - 19 = 0. What is the tens digit of d(i)?
1
What is the tens digit of (87*8/(-32))/((-1)/124)?
9
Suppose m + 5495 = h, 3*h - 12782 - 3708 = 2*m. What is the tens digit of h?
0
Suppose -398 = -5*b - 128. What is the tens digit of b?
5
Let c be (1 + -2)*-1 + 2*2. Suppose 0 = 2*m, 117 = 2*n + n + c*m. What is the tens digit of n?
3
Let j = -67 + 58. Let y(p) = -p**2 - 25*p + 8. What is the tens digit of y(j)?
5
Suppose 0 = -y + 5*g + 1060, -4*y = -g - 1774 - 2409. What is the hundreds digit of y?
0
Suppose -3*s = 5*r + s - 9, 13 = r - 2*s. What is the tens digit of (-4)/(r/6*(-3)/20)?
3
Suppose 1 = 3*a - 2*a. Suppose -m + 7 = a. Let j = 11 - m. What is the units digit of j?
5
What is the tens digit of (-10 + (13 - 1))*(1 - -421)?
4
Let s(i) = -4*i - 11. Let q be s(-10). Suppose 0 = -4*k - q + 205. What is the units digit of k?
4
Suppose -2*m + 4 = 0, g + 8 = 5*g - 2*m. Suppose 4 = 4*s, 4*a + g*s - 61 = 2*a. Suppose 3*r = a - 2. What is the units digit of r?
9
Let v(l) = 175*l**3 + 4*l**2 - 3*l + 1. What is the units digit of v(2)?
1
Suppose 3*g + 4*z = 91 + 30, 2*g + 5*z = 69. Let i = g + 11. Suppose 8*h - i = 6*h. What is the units digit of h?
9
Let a be -1 - (3 - (-20)/4). Let k = -12 - a. What is the units digit of ((-10)/2)/(k/15)?
5
Let t be -42 - -40 - (-7 + 0)*1. Suppose 5 = -5*l, n + 2*l = -3*l - 3. Suppose 2*d - 82 = -n*x, -2*x - t*d = -2*d - 84. What is the units digit of x?
9
Let t(h) = 7*h - 15. Let m(v) = 13*v - 29. Let b be (-198)/(-27)*(-6)/(-4). Let w(g) = b*t(g) - 6*m(g). What is the tens digit of w(-7)?
1
Let l(k) = -k**2 - 18*k - 4. Let a be l(-18). Let g(h) = 9*h**2 + 14*h + 5. What is the tens digit of g(a)?
9
Suppose 0*v = 5*j + 2*v - 4438, v = -j + 887. What is the hundreds digit of j?
8
Let j(h) = h**3 + 5*h**2 + 2*h - 1. Let l be j(-4). Suppose 2*f = l*f + 150. What is the units digit of (2/3)/((-5)/f)?
4
Let j be (7/2 - 2)*12. Suppose -2*l + 72 = j. Suppose 0 = -5*r + 28 + l. What is the tens digit of r?
1
Let t(o) = -o**2 + o. Let c(g) = -6*g**2 + g - 8. Let i(u) = -c(u) + 5*t(u). Let l(q) = q**2 + 7*q - 5. Let f be l(-7). What is the tens digit of i(f)?
1
Let d = -3 + -3. Let z(p) = -2*p**2 + 12. Let o be z(d). Let l = 92 + o. What is the units digit of l?
2
Suppose -7*g = -9533 + 1028. What is the thousands digit of g?
1
Suppose w + 16 = 5*n, -7*n - 2 = -8*n. What is the units digit of (-1154)/(-6) + (-4)/w?
3
Let w(h) = -20*h - 50. What is the units digit of w(-5)?
0
Suppose 0 = -3*v - 2*v + 120. Suppose v*o - 20*o = 292. What is the tens digit of o?
7
Suppose -6*v + 4*v - 4 = 0. What is the units digit of 12*v*10/(-12)?
0
Let n(a) = 56*a + 7. Let q be n(3). Let t be ((-5)/(-1))/(2/(-42)). Let k = q + t. What is the tens digit of k?
7
Suppose 3*o = 0, -115 = -n - o + 5*o. Suppose -n = -5*q + 50. What is the tens digit of q?
3
Suppose -176*k - 13545 = -179*k. What is the thousands digit of k?
4
Suppose 5*f = -0*f - 20, 0 = g - 5*f - 37. Suppose q - 252 = g. What is the tens digit of q?
6
What is the thousands digit of 4 + 4637 + 78/39?
4
What is the hundreds digit of (-6150)/60*(54/(-5) + 2)?
9
Suppose -3*t + 915 + 2756 = 5*o, -4*o + 2926 = -3*t. What is the tens digit of o?
3
Let n = -38 - -72. Let v = n + -15. Let h = 1 + v. What is the tens digit of h?
2
Let n = 25 - 31. Let o(p) = p**3 - 4*p**2 + 2*p - 4. Let a be o(4). Let j = a - n. What is the units digit of j?
0
Let a(q) = 76*q**2 + 66*q + 129. What is the hundreds digit of a(-2)?
3
Le